{"id":246,"date":"2024-12-28T17:38:19","date_gmt":"2024-12-28T17:38:19","guid":{"rendered":"https:\/\/pistokehybridi.fi\/kauppa\/?post_type=product&#038;p=246"},"modified":"2025-05-15T09:32:12","modified_gmt":"2025-05-15T09:32:12","slug":"nissan-e-nv200-24kwh-akku-kaytetty-kapasiteetti-83","status":"publish","type":"product","link":"https:\/\/pistokehybridi.fi\/kauppa\/?product=nissan-e-nv200-24kwh-akku-kaytetty-kapasiteetti-83","title":{"rendered":"Nissan e-NV200 24kWh akku, K\u00e4ytetty kapasiteetti 83%"},"content":{"rendered":"<p>K\u00e4ytetty Nissan e-NV200 24kWh akku, Ajettu 89000km. Kapasiteetti noin 83.6% ajoakun alkuper\u00e4isest\u00e4 bruttokapasiteetist\u00e4. ohjaimesta (SOH 83.6%,\u00a0 luettu akun ohjainlaitteesta). Kysy rahtia<\/p>\n","protected":false},"excerpt":{"rendered":"<p>K\u00e4ytetty Nissan e-NV200 24kWh akku, Ajettu 89000km. Kapasiteetti noin 83.6% ajoakun alkuper\u00e4isest\u00e4 bruttokapasiteetist\u00e4. ohjaimesta (SOH 83.6%,\u00a0 luettu akun ohjainlaitteesta). Kysy rahtia<\/p>\n","protected":false},"featured_media":244,"template":"","meta":{"_kadence_starter_templates_imported_post":false,"_kad_post_transparent":"default","_kad_post_title":"","_kad_post_layout":"default","_kad_post_sidebar_id":"","_kad_post_content_style":"default","_kad_post_vertical_padding":"default","_kad_post_feature":"","_kad_post_feature_position":"","_kad_post_header":false,"_kad_post_footer":false},"product_cat":[18],"product_tag":[],"class_list":{"0":"post-246","1":"product","2":"type-product","3":"status-publish","4":"has-post-thumbnail","6":"product_cat-kokonaiset-kaytetyt-sahkoautojen-ja-hybridien-akut","7":"product_shipping_class-iso-akkulava","9":"first","10":"outofstock","11":"taxable","12":"shipping-taxable","13":"product-type-simple","14":"entry","15":"content-bg","16":"loop-entry"},"_links":{"self":[{"href":"https:\/\/pistokehybridi.fi\/kauppa\/index.php?rest_route=\/wp\/v2\/product\/246","targetHints":{"allow":["GET"]}}],"collection":[{"href":"https:\/\/pistokehybridi.fi\/kauppa\/index.php?rest_route=\/wp\/v2\/product"}],"about":[{"href":"https:\/\/pistokehybridi.fi\/kauppa\/index.php?rest_route=\/wp\/v2\/types\/product"}],"wp:featuredmedia":[{"embeddable":true,"href":"https:\/\/pistokehybridi.fi\/kauppa\/index.php?rest_route=\/wp\/v2\/media\/244"}],"wp:attachment":[{"href":"https:\/\/pistokehybridi.fi\/kauppa\/index.php?rest_route=%2Fwp%2Fv2%2Fmedia&parent=246"}],"wp:term":[{"taxonomy":"product_cat","embeddable":true,"href":"https:\/\/pistokehybridi.fi\/kauppa\/index.php?rest_route=%2Fwp%2Fv2%2Fproduct_cat&post=246"},{"taxonomy":"product_tag","embeddable":true,"href":"https:\/\/pistokehybridi.fi\/kauppa\/index.php?rest_route=%2Fwp%2Fv2%2Fproduct_tag&post=246"}],"curies":[{"name":"wp","href":"https:\/\/api.w.org\/{rel}","templated":true}]}}